mon factor of 3047 and 3089?
1
What is the highest common factor of 2264586 and 17130?
3426
What is the highest common factor of 5403023 and 69755?
1993
Calculate the greatest common divisor of 2003914 and 10714.
22
What is the highest common factor of 749115 and 11439?
279
What is the highest common divisor of 13 and 1401717733?
13
Calculate the greatest common divisor of 18 and 747500526.
18
What is the highest common divisor of 944 and 1315952?
16
Calculate the greatest common divisor of 942 and 17476926.
942
Calculate the greatest common divisor of 262752 and 2592.
96
Calculate the greatest common factor of 620618 and 81266.
454
Calculate the highest common factor of 8615930 and 360.
10
Calculate the greatest common divisor of 1661557008 and 48.
48
What is the greatest common divisor of 36254428 and 31682?
1022
What is the greatest common divisor of 21942 and 131022?
18
Calculate the highest common divisor of 25 and 113755900.
25
Calculate the greatest common divisor of 12 and 1443775020.
12
Calculate the highest common factor of 32 and 10130272.
32
Calculate the highest common factor of 3168408 and 187404.
1164
What is the greatest common factor of 2900903907 and 627?
627
What is the highest common divisor of 29054 and 23798?
146
What is the highest common factor of 4900 and 10345?
5
What is the highest common divisor of 1570525 and 505?
5
What is the greatest common divisor of 1824690 and 45?
15
What is the highest common divisor of 6755996 and 15743?
2249
What is the highest common divisor of 1910 and 4333790?
1910
What is the highest common factor of 1086360 and 7590?
330
Calculate the highest common divisor of 4969566 and 5292.
378
Calculate the highest common divisor of 6212 and 490058468.
6212
What is the highest common factor of 692903 and 8602?
17
Calculate the highest common factor of 77018 and 534362.
794
Calculate the greatest common factor of 144976 and 66300.
884
What is the highest common divisor of 6219433 and 237?
79
What is the greatest common factor of 16857069 and 8396?
2099
What is the highest common divisor of 205 and 1312764445?
205
Calculate the highest common divisor of 1134 and 10418394.
42
Calculate the greatest common factor of 5 and 59593015.
5
What is the highest common factor of 3137995 and 70?
35
Calculate the highest common factor of 57584 and 533872.
976
Calculate the highest common divisor of 4886035964 and 47.
47
What is the greatest common divisor of 174001303 and 21?
7
Calculate the highest common divisor of 214 and 239156342.
214
Calculate the highest common divisor of 15889986 and 147.
21
Calculate the greatest common divisor of 60573936 and 16.
16
What is the highest common factor of 20685 and 78855?
105
Calculate the greatest common factor of 5067445 and 527.
17
What is the greatest common factor of 36 and 467658?
18
What is the greatest common divisor of 162 and 2897970?
6
What is the highest common divisor of 19220 and 3482540?
620
What is the greatest common divisor of 34237 and 17194478?
469
What is the highest common factor of 16354 and 73848?
34
Calculate the highest common divisor of 7 and 782682.
1
What is the greatest common divisor of 258 and 83054414?
86
What is the highest common divisor of 1338321 and 348?
87
What is the highest common factor of 2652 and 88294583?
221
What is the greatest common divisor of 12613078 and 4477?
37
Calculate the highest common divisor of 34313787 and 243.
243
What is the greatest common divisor of 9963 and 13717206?
369
What is the highest common divisor of 273 and 4524527?
7
What is the greatest common divisor of 123826 and 212302?
202
What is the greatest common factor of 160 and 632140?
20
What is the greatest common factor of 4669 and 10615535?
161
Calculate the highest common factor of 226758 and 1218.
42
Calculate the greatest common divisor of 4920 and 432354840.
4920
Calculate the highest common divisor of 53337218 and 11.
11
Calculate the greatest common factor of 153 and 86985141.
51
What is the greatest common factor of 5544 and 232056?
792
Calculate the greatest common factor of 728 and 5852314.
26
Calculate the highest common divisor of 380 and 4650820.
380
Calculate the greatest common divisor of 276 and 3061553.
23
Calculate the highest common factor of 134 and 646081.
67
What is the highest common divisor of 229071258 and 171?
171
Calculate the highest common divisor of 9972 and 477612.
36
What is the highest common factor of 4785 and 139?
1
What is the highest common divisor of 11568155 and 5?
5
What is the greatest common divisor of 37730 and 13746810?
770
Calculate the greatest common factor of 300416 and 15488.
128
What is the highest common divisor of 246 and 10110354?
246
What is the greatest common factor of 22428 and 929124?
252
What is the greatest common divisor of 6410879 and 629?
37
Calculate the greatest common factor of 832995 and 10016700.
2595
Calculate the greatest common divisor of 51192 and 23068.
316
Calculate the highest common divisor of 3338 and 598848883.
1669
What is the greatest common divisor of 113891569 and 22?
11
Calculate the greatest common factor of 130 and 22418090.
10
Calculate the highest common divisor of 21489240 and 5764.
524
Calculate the greatest common factor of 14163472 and 208.
16
What is the highest common factor of 19527 and 38016805?
283
Calculate the greatest common factor of 400223088 and 144.
144
Calculate the greatest common factor of 26641893 and 42921.
753
Calculate the highest common divisor of 31313310 and 90.
30
Calculate the greatest common factor of 182042 and 99806.
14
What is the highest common divisor of 237 and 42159693?
237
Calculate the highest common factor of 28521 and 28638253.
3169
Calculate the greatest common factor of 6372 and 1480192.
236
What is the greatest common divisor of 459 and 3464277?
51
Calculate the greatest common factor of 3667 and 68077.
19
Calculate the greatest common divisor of 147099944 and 8.
8
What is the highest common factor of 1085299 and 12189?
239
Calculate the greatest common divisor of 12720 and 73896.
24
Calculate the greatest common factor of 21340 and 759260.
20
What is the greatest common divisor of 1266838992 and 1476?
1476
What is the highest common factor of 295162 and 17745343?
5089
What is the highest common factor of 1631772 and 44806?
1042
Calculate the highest common divisor of 292 and 204042008.
292
Calculate the greatest common divisor of 819516350 and 100.
50
Calculate the highest common divisor of 148 and 711029.
37
Calculate the greatest common factor of 832722 and 267282.
186
What is the highest common factor of 469963 and 741?
13
What is the highest common factor of 2480 and 1042220?
620
Calculate the highest common divisor of 24235910 and 1647.
61
Calculate the greatest common factor of 56602 and 1393591.
311
What is the greatest common divisor of 5764989 and 204?
51
Calculate the highest common divisor of 15328948 and 184.
92
Calculate the greatest common divisor of 116 and 49794334.
58
Calculate the greatest common divisor of 550 and 771525.
25
What is the highest common divisor of 5510 and 58825862?
1102
What is the greatest common divisor of 208 and 2082769?
13
What is the highest common divisor of 1140740 and 160?
20
Calculate the greatest common divisor of 1278346 and 382614.
2966
Calculate the greatest common factor of 246 and 1885959.
123
Calculate the greatest common factor of 37732272 and 192.
48
Calculate the greatest common divisor of 1764 and 5486148.
36
What is the highest common divisor of 7695702 and 243?
27
What is the highest common factor of 73654 and 2086?
14
What is the greatest common factor of 3751286627 and 3047?
3047
Calculate the greatest common factor of 184716630 and 14.
14
Calculate the highest common factor of 439 and 5281359648.
439
What is the greatest common factor of 105 and 2073297345?
105
What is the greatest common divisor of 2368696 and 42108?
484
Calculate the greatest common factor of 36106 and 25732.
14
What is the highest common divisor of 1616 and 1439452?
404
Calculate the greatest common factor of 9628 and 47349508.
332
What is the greatest common divisor of 41 and 1713472?
41
What is the highest common factor of 436488 and 897?
39
What is the greatest common divisor of 4035